{"id":2225,"date":"2024-04-07T21:53:28","date_gmt":"2024-04-07T19:53:28","guid":{"rendered":"https:\/\/www.hotel-raphael.de\/?page_id=2225"},"modified":"2024-06-18T11:59:35","modified_gmt":"2024-06-18T09:59:35","slug":"breakfast","status":"publish","type":"page","link":"https:\/\/www.hotel-raphael.de\/en\/restaurant\/breakfast\/","title":{"rendered":"Breakfast"},"content":{"rendered":"\n\n<header class=\"wp-block-group m2p\">\n\t<div class=\"wp-block-group__inner-container is-layout-constrained wp-block-group-is-layout-constrained\">\n\t\t<div class=\"wp-block-columns gap-15 w100 is-layout-flex wp-container-core-columns-is-layout-1 wp-block-columns-is-layout-flex\">\n\t\t\t<div class=\"wp-block-column is-layout-flow wp-block-column-is-layout-flow titel-textbox\" style=\"flex-basis:30%\">\n\t\t\t\t<div class=\"wp-block-column is-vertically-aligned-bottom w100 bg-darkgrey has-background is-layout-flow wp-block-column-is-layout-flow d-border-radius\" style=\"flex-basis:30%;\">\n\t\t\t\t\t<div class=\"titel-subtitel\">A Delicious Start to Your Day<\/div>\n\t\t\t\t\t<div class=\"titel-block-subpage\">\n\t\t\t\t\t\t<h1 class=\"wp-block-heading\">\n\t\t\t\t\t\t\tSt. Raphael\t\t\t\t\t\t\t<br>\n\t\t\t\t\t\t\t<strong>Breakfast<\/strong>\n\t\t\t\t\t\t<\/h1>\n\t\t\t\t\t\t<img data-src=\"https:\/\/www.hotel-raphael.de\/wp-content\/uploads\/2024\/04\/mountain.png\" class=\" ls-is-cached lazyload\" style=\"width: 132px;\">\n\t\t\t\t\t\t<p style=\"margin-top:0;\">\n\t\t\t\t\t\t\tOur breakfast buffet has everything you need for a perfect start to your day.\t\t\t\t\t\t<\/p>\n\t\t\t\t\t<\/div>\n\t\t\t\t<\/div>\n\t\t\t<\/div>\n\n\n\t\t\t<div class=\"wp-block-column line-height-0 is-layout-flow wp-block-column-is-layout-flow titel-media\" style=\"flex-basis:70%\">\n\t\t\t\t\n\t\t\t\t\t\t\t\t\n\t\t\t\t<video width=\"100%\" height=\"auto\" autoplay=\"\" muted=\"\" loop=\"\" playsinline=\"\" class=\"lazyload d-border-radius\" poster=\"https:\/\/www.hotel-raphael.de\/wp-content\/uploads\/Teeecke-900x540.jpg\" data-src=\"https:\/\/www.hotel-raphael.de\/wp-content\/uploads\/Fruehstueck.mp4\">\n\t\t\t\t<source data-src=\"https:\/\/www.hotel-raphael.de\/wp-content\/uploads\/Fruehstueck.mp4\" type=\"video\/mp4\">\n\t\t\t\tKann nicht abgespielt werden.\n\t\t\t\t<\/video>\n\n\t\t\t\t\t\t\t\t\n\t\t\t<\/div>\n\t\t<\/div>\n\t<\/div>\n<\/header>\n\n\n<section class=\"wp-block-group margin-bottom flex-center\"><div class=\"wp-block-group__inner-container is-layout-constrained wp-block-group-is-layout-constrained\">\n<div class=\"wp-block-columns are-vertically-aligned-center is-layout-flex wp-container-core-columns-is-layout-9d6595d7 wp-block-columns-is-layout-flex\">\n<div class=\"wp-block-column is-vertically-aligned-center is-layout-flow wp-block-column-is-layout-flow\" style=\"flex-basis:50%\">\n<div class=\"wp-block-group\"><div class=\"wp-block-group__inner-container is-layout-constrained wp-block-group-is-layout-constrained\">\n<figure class=\"wp-block-table\"><table><thead><tr><th><strong>Wochentag<\/strong><\/th><th><strong><strong>Breakfast Hours<\/strong><\/strong><\/th><\/tr><\/thead><tbody><tr><td>Monday:<\/td><td>07:00 \u2013 10:00 AM<\/td><\/tr><tr><td>Tuesday:<\/td><td>07:00 \u2013 10:00 AM<\/td><\/tr><tr><td>Wednesday:<\/td><td>07:00 \u2013 10:00 AM<\/td><\/tr><tr><td>Thursday:<\/td><td>07:00 \u2013 10:00 AM<\/td><\/tr><tr><td>Friday:<\/td><td>07:00 \u2013 10:00 AM<\/td><\/tr><tr><td>Saturday:<\/td><td>07:00 \u2013 10:30 AM<\/td><\/tr><tr><td>Sunday &amp; Holidays:<\/td><td>07:00 \u2013 12:00 AM<\/td><\/tr><\/tbody><\/table><\/figure>\n<\/div><\/div>\n<\/div>\n\n\n\n<div class=\"wp-block-column is-vertically-aligned-center is-layout-flow wp-block-column-is-layout-flow\" style=\"flex-basis:50%\">\n\n\n\n<div class=\"highlight-circle\" style=\"top: -5%; right: 0%;\"><div class=\" bg-darkgrey highlight-circle-text\"><img data-src=\"https:\/\/www.hotel-raphael.de\/wp-content\/uploads\/Kalender.png\" class=\"highlight-circle-image lazyload\" alt=\"\"\/>Sunday Late <strong>Riser Breakfast<\/strong><\/div><\/div>\n\n\n\n\n\n<h2 class=\"wp-block-heading\">Extensive &amp; Diverse<br><strong>Breakfast Buffet<\/strong><\/h2>\n\n\n\n<p>Indulge in a scrumptious breakfast from our abundant buffet in our cozy restaurant. We pride ourselves on using fresh, seasonal, and regional ingredients. Our sausage specialties come from Allg\u00e4uer Landmetzgerei Adolf Baur in Ronsberg, we offer fine Allg\u00e4u honey, and our juices are sourced from Lindauer Bodensee Fruchts\u00e4fte, some of which are even organic. Our coffee and tea specialties are from Seeberger.<\/p>\n<\/div>\n<\/div>\n<\/div><\/section>\n\n\n\n<section class=\"wp-block-group margin-bottom flex-center\"><div class=\"wp-block-group__inner-container is-layout-constrained wp-block-group-is-layout-constrained\">\n<div class=\"wp-block-group\"><div class=\"wp-block-group__inner-container is-layout-constrained wp-block-group-is-layout-constrained\">\n<div class=\"wp-block-columns room-icons bigger-icons is-layout-flex wp-container-core-columns-is-layout-9d6595d7 wp-block-columns-is-layout-flex\">\n<div class=\"wp-block-column is-layout-flow wp-block-column-is-layout-flow\" style=\"flex-basis:20%\">    <img data-src=\"https:\/\/www.hotel-raphael.de\/wp-content\/uploads\/MO-SA.png\" alt=\"MO-SA \" class=\"lazyload testimonial \"\/>\n\n\n \n\n\n<p>Monday to Saturday<br><strong>20,50 \u20ac<\/strong><\/p>\n<\/div>\n\n\n\n<div class=\"wp-block-column is-layout-flow wp-block-column-is-layout-flow\" style=\"flex-basis:20%\">    <img data-src=\"https:\/\/www.hotel-raphael.de\/wp-content\/uploads\/SO-FE.png\" alt=\"SO-FE \" class=\"lazyload testimonial \"\/>\n\n\n \n\n\n<p class=\"grey no-textdeco\">Sunday &amp; Holidays<br><strong>24,50 \u20ac<\/strong><\/p>\n<\/div>\n\n\n\n<div class=\"wp-block-column is-layout-flow wp-block-column-is-layout-flow\" style=\"flex-basis:20%\">    <img data-src=\"https:\/\/www.hotel-raphael.de\/wp-content\/uploads\/7-12-Jahre.png\" alt=\"7-12-Jahre \" class=\"lazyload testimonial \"\/>\n\n\n \n\n\n<p class=\"grey no-textdeco\">Ages 7-12 <br><strong>16,00 \u20ac<\/strong><\/p>\n<\/div>\n\n\n\n<div class=\"wp-block-column is-layout-flow wp-block-column-is-layout-flow\" style=\"flex-basis:20%\">    <img data-src=\"https:\/\/www.hotel-raphael.de\/wp-content\/uploads\/4-6-Jahre.png\" alt=\"4-6-Jahre \" class=\"lazyload testimonial \"\/>\n\n\n \n\n\n<p class=\"grey no-textdeco\">Ages 4-6 <br><strong>2 \u20ac\/per year of age<\/strong><\/p>\n<\/div>\n\n\n\n<div class=\"wp-block-column is-layout-flow wp-block-column-is-layout-flow\" style=\"flex-basis:20%\">    <img data-src=\"https:\/\/www.hotel-raphael.de\/wp-content\/uploads\/0-3-Jahre.png\" alt=\"0-3-Jahre \" class=\"lazyload testimonial \"\/>\n\n\n \n\n\n<p class=\"grey no-textdeco\">Ages 0-3 <br><strong>Free<\/strong><\/p>\n<\/div>\n<\/div>\n<\/div><\/div>\n<\/div><\/section>\n\n\n\n<section class=\"wp-block-group margin-bottom bg-grey\"><div class=\"wp-block-group__inner-container is-layout-constrained wp-block-group-is-layout-constrained\">\n<div class=\"wp-block-columns  gap-five is-layout-flex wp-container-core-columns-is-layout-9d6595d7 wp-block-columns-is-layout-flex\">\n<div class=\"wp-block-column is-layout-flow wp-block-column-is-layout-flow\" style=\"flex-basis:50%\">\n<h2 class=\"wp-block-heading\">Start Your <br><strong>Day Right<\/strong><\/h2>\n\n\n\n<div style=\"height:23px\" aria-hidden=\"true\" class=\"wp-block-spacer\"><\/div>\n\n\n    <img data-src=\"https:\/\/www.hotel-raphael.de\/wp-content\/uploads\/Fruehstuecksbuffet-696x496.jpg\" alt=\"Fru\u0308hstu\u0308cksbuffet \" class=\"lazyload testimonial \"\/>\n\n\n <\/div>\n\n\n\n<div class=\"wp-block-column is-layout-flow wp-block-column-is-layout-flow\" style=\"flex-basis:50%\">    <img data-src=\"https:\/\/www.hotel-raphael.de\/wp-content\/uploads\/Teeecke-696x496.jpg\" alt=\"Teeecke \" class=\"lazyload testimonial \"\/>\n\n\n \n\n\n<ul class=\"margin-zero wp-block-list\">\n<li>Fresh selection of rolls and bread<\/li>\n\n\n\n<li>Sweet pastries<\/li>\n\n\n\n<li>Variety of sausages and cheeses<\/li>\n\n\n\n<li>Butter, cream cheese, and vegan spreads<\/li>\n\n\n\n<li>Smoked salmon<\/li>\n\n\n\n<li>Various jams, honey, and hazelnut spread<\/li>\n\n\n\n<li>Muesli and cereals<\/li>\n\n\n\n<li>Selection of yogurts and homemade &#8220;Bircher muesli&#8221;<\/li>\n\n\n\n<li>Freshly prepared fruit salad<\/li>\n\n\n\n<li>Vegetable platter<\/li>\n\n\n\n<li>Egg dishes like scrambled eggs, boiled eggs, and egg salad<\/li>\n\n\n\n<li>Sausages and bacon<\/li>\n\n\n\n<li>Coffee specialties, tea, cocoa, water, vegetable and fruit juices \u2013 as much as you like<\/li>\n<\/ul>\n\n\n\n<p><strong>For our Sunday Late Riser Breakfast<\/strong>: A glass of sparkling wine, Bavarian white sausages, pancakes, and baked beans.<\/p>\n<\/div>\n<\/div>\n<\/div><\/section>\n\n\n\n<section class=\"wp-block-group margin-bottom bg-grey\"><div class=\"wp-block-group__inner-container is-layout-constrained wp-block-group-is-layout-constrained\">\n<div class=\"wp-block-columns is-layout-flex wp-container-core-columns-is-layout-9d6595d7 wp-block-columns-is-layout-flex\">\n<div class=\"wp-block-column is-layout-flow wp-block-column-is-layout-flow\">\n<h2 class=\"wp-block-heading\">Book<br><strong>Your Stay<\/strong><\/h2>\n\n\n\n<div style=\"height:18px\" aria-hidden=\"true\" class=\"wp-block-spacer\"><\/div>\n\n\n\n<form action=\"https:\/\/v4.ibe.dirs21.de\/channels\/st-raphael-im-allgaeude\/\" class=\"booking-form\">\n\n<div class=\"date-field\">\n\t<label for=\"anreise\">Anreise<\/label>\n\t<input type=\"Date\" value=\"2026-04-28\" name=\"arrival\" id=\"anreise\" placeholder=\"Anreise\" required \/>\n<\/div>\n\n<div class=\"date-field\">\n\t<label for=\"abreise\">Abreise<\/label>\t\n\t<input type=\"Date\" value=\"2026-04-28\" name=\"departure\" id=\"abreise\" placeholder=\"Abreise\" required \/>\n<\/div>\n\t\n<select id=\"personen\" name=\"room\" placeholder=\"Personen\">\n  <option value=\"a\">1 Person<\/option>\n  <option value=\"a,a\">2 Personen<\/option>\n<\/select>\n<input type=\"submit\" class=\"booking-submit\">\n<\/form>\n\n\n\n\n<div class=\"wp-block-columns is-layout-flex wp-container-core-columns-is-layout-9d6595d7 wp-block-columns-is-layout-flex\">\n<div class=\"wp-block-column is-layout-flow wp-block-column-is-layout-flow\" style=\"flex-basis:60%\">\n<p>Book your stay now or get personal advice. If you&#8217;re looking for a conference room, click on &#8220;Request Conference&#8221; or call us.<\/p>\n\n\n\n<div class=\"wp-block-buttons is-layout-flex wp-block-buttons-is-layout-flex\">\n<div class=\"wp-block-button\"><a class=\"wp-block-button__link wp-element-button\"><strong>Request Conference<\/strong><\/a><\/div>\n\n\n\n<div class=\"wp-block-button\"><a class=\"wp-block-button__link wp-element-button\" href=\"tel:+498315404330\">0831 5404 330<\/a><\/div>\n<\/div>\n<\/div>\n\n\n\n<div class=\"wp-block-column is-layout-flow wp-block-column-is-layout-flow\" style=\"flex-basis:33.33%\"><\/div>\n<\/div>\n<\/div>\n<\/div>\n<\/div><\/section>\n","protected":false},"excerpt":{"rendered":"<p>Wochentag Breakfast Hours Monday: 07:00 \u2013 10:00 AM Tuesday: 07:00 \u2013 10:00 AM Wednesday: 07:00 \u2013 10:00 AM Thursday: 07:00 \u2013 10:00 AM Friday: 07:00 \u2013 10:00 AM Saturday: 07:00 \u2013 10:30 AM Sunday &amp; Holidays: 07:00 \u2013 12:00 AM Extensive &amp; DiverseBreakfast Buffet Indulge in a scrumptious breakfast from our abundant buffet in our [&hellip;]<\/p>\n","protected":false},"author":1,"featured_media":1322,"parent":2223,"menu_order":0,"comment_status":"closed","ping_status":"closed","template":"","meta":{"_acf_changed":false,"footnotes":""},"class_list":["post-2225","page","type-page","status-publish","has-post-thumbnail","hentry"],"acf":[],"_links":{"self":[{"href":"https:\/\/www.hotel-raphael.de\/en\/wp-json\/wp\/v2\/pages\/2225","targetHints":{"allow":["GET"]}}],"collection":[{"href":"https:\/\/www.hotel-raphael.de\/en\/wp-json\/wp\/v2\/pages"}],"about":[{"href":"https:\/\/www.hotel-raphael.de\/en\/wp-json\/wp\/v2\/types\/page"}],"author":[{"embeddable":true,"href":"https:\/\/www.hotel-raphael.de\/en\/wp-json\/wp\/v2\/users\/1"}],"replies":[{"embeddable":true,"href":"https:\/\/www.hotel-raphael.de\/en\/wp-json\/wp\/v2\/comments?post=2225"}],"version-history":[{"count":5,"href":"https:\/\/www.hotel-raphael.de\/en\/wp-json\/wp\/v2\/pages\/2225\/revisions"}],"predecessor-version":[{"id":2533,"href":"https:\/\/www.hotel-raphael.de\/en\/wp-json\/wp\/v2\/pages\/2225\/revisions\/2533"}],"up":[{"embeddable":true,"href":"https:\/\/www.hotel-raphael.de\/en\/wp-json\/wp\/v2\/pages\/2223"}],"wp:featuredmedia":[{"embeddable":true,"href":"https:\/\/www.hotel-raphael.de\/en\/wp-json\/wp\/v2\/media\/1322"}],"wp:attachment":[{"href":"https:\/\/www.hotel-raphael.de\/en\/wp-json\/wp\/v2\/media?parent=2225"}],"curies":[{"name":"wp","href":"https:\/\/api.w.org\/{rel}","templated":true}]}}

<header class="wp-block-group m2p">
	<div class="wp-block-group__inner-container is-layout-constrained wp-block-group-is-layout-constrained">
		<div class="wp-block-columns gap-15 w100 is-layout-flex wp-container-core-columns-is-layout-1 wp-block-columns-is-layout-flex">
			<div class="wp-block-column is-layout-flow wp-block-column-is-layout-flow titel-textbox" style="flex-basis:30%">
				<div class="wp-block-column is-vertically-aligned-bottom w100 bg-darkgrey has-background is-layout-flow wp-block-column-is-layout-flow d-border-radius" style="flex-basis:30%;">
					<div class="titel-subtitel">A Delicious Start to Your Day</div>
					<div class="titel-block-subpage">
						<h1 class="wp-block-heading">
							St. Raphael							<br>
							<strong>Breakfast</strong>
						</h1>
						<img data-src="https://www.hotel-raphael.de/wp-content/uploads/2024/04/mountain.png" class=" ls-is-cached lazyload" style="width: 132px;">
						<p style="margin-top:0;">
							Our breakfast buffet has everything you need for a perfect start to your day.						</p>
					</div>
				</div>
			</div>


			<div class="wp-block-column line-height-0 is-layout-flow wp-block-column-is-layout-flow titel-media" style="flex-basis:70%">
				
								
				<video width="100%" height="auto" autoplay="" muted="" loop="" playsinline="" class="lazyload d-border-radius" poster="https://www.hotel-raphael.de/wp-content/uploads/Teeecke-900x540.jpg" data-src="https://www.hotel-raphael.de/wp-content/uploads/Fruehstueck.mp4">
				<source data-src="https://www.hotel-raphael.de/wp-content/uploads/Fruehstueck.mp4" type="video/mp4">
				Kann nicht abgespielt werden.
				</video>

								
			</div>
		</div>
	</div>
</header>


<section class="wp-block-group margin-bottom flex-center"><div class="wp-block-group__inner-container is-layout-constrained wp-block-group-is-layout-constrained">
<div class="wp-block-columns are-vertically-aligned-center is-layout-flex wp-container-core-columns-is-layout-9d6595d7 wp-block-columns-is-layout-flex">
<div class="wp-block-column is-vertically-aligned-center is-layout-flow wp-block-column-is-layout-flow" style="flex-basis:50%">
<div class="wp-block-group"><div class="wp-block-group__inner-container is-layout-constrained wp-block-group-is-layout-constrained">
<figure class="wp-block-table"><table><thead><tr><th><strong>Wochentag</strong></th><th><strong><strong>Breakfast Hours</strong></strong></th></tr></thead><tbody><tr><td>Monday:</td><td>07:00 – 10:00 AM</td></tr><tr><td>Tuesday:</td><td>07:00 – 10:00 AM</td></tr><tr><td>Wednesday:</td><td>07:00 – 10:00 AM</td></tr><tr><td>Thursday:</td><td>07:00 – 10:00 AM</td></tr><tr><td>Friday:</td><td>07:00 – 10:00 AM</td></tr><tr><td>Saturday:</td><td>07:00 – 10:30 AM</td></tr><tr><td>Sunday &amp; Holidays:</td><td>07:00 – 12:00 AM</td></tr></tbody></table></figure>
</div></div>
</div>



<div class="wp-block-column is-vertically-aligned-center is-layout-flow wp-block-column-is-layout-flow" style="flex-basis:50%">



<div class="highlight-circle" style="top: -5%; right: 0%;"><div class=" bg-darkgrey highlight-circle-text"><img data-src="https://www.hotel-raphael.de/wp-content/uploads/Kalender.png" class="highlight-circle-image lazyload" alt=""/>Sunday Late <strong>Riser Breakfast</strong></div></div>





<h2 class="wp-block-heading">Extensive &amp; Diverse<br><strong>Breakfast Buffet</strong></h2>



<p>Indulge in a scrumptious breakfast from our abundant buffet in our cozy restaurant. We pride ourselves on using fresh, seasonal, and regional ingredients. Our sausage specialties come from Allgäuer Landmetzgerei Adolf Baur in Ronsberg, we offer fine Allgäu honey, and our juices are sourced from Lindauer Bodensee Fruchtsäfte, some of which are even organic. Our coffee and tea specialties are from Seeberger.</p>
</div>
</div>
</div></section>



<section class="wp-block-group margin-bottom flex-center"><div class="wp-block-group__inner-container is-layout-constrained wp-block-group-is-layout-constrained">
<div class="wp-block-group"><div class="wp-block-group__inner-container is-layout-constrained wp-block-group-is-layout-constrained">
<div class="wp-block-columns room-icons bigger-icons is-layout-flex wp-container-core-columns-is-layout-9d6595d7 wp-block-columns-is-layout-flex">
<div class="wp-block-column is-layout-flow wp-block-column-is-layout-flow" style="flex-basis:20%">    <img data-src="https://www.hotel-raphael.de/wp-content/uploads/MO-SA.png" alt="MO-SA " class="lazyload testimonial "/>


 


<p>Monday to Saturday<br><strong>20,50 €</strong></p>
</div>



<div class="wp-block-column is-layout-flow wp-block-column-is-layout-flow" style="flex-basis:20%">    <img data-src="https://www.hotel-raphael.de/wp-content/uploads/SO-FE.png" alt="SO-FE " class="lazyload testimonial "/>


 


<p class="grey no-textdeco">Sunday &amp; Holidays<br><strong>24,50 €</strong></p>
</div>



<div class="wp-block-column is-layout-flow wp-block-column-is-layout-flow" style="flex-basis:20%">    <img data-src="https://www.hotel-raphael.de/wp-content/uploads/7-12-Jahre.png" alt="7-12-Jahre " class="lazyload testimonial "/>


 


<p class="grey no-textdeco">Ages 7-12 <br><strong>16,00 €</strong></p>
</div>



<div class="wp-block-column is-layout-flow wp-block-column-is-layout-flow" style="flex-basis:20%">    <img data-src="https://www.hotel-raphael.de/wp-content/uploads/4-6-Jahre.png" alt="4-6-Jahre " class="lazyload testimonial "/>


 


<p class="grey no-textdeco">Ages 4-6 <br><strong>2 €/per year of age</strong></p>
</div>



<div class="wp-block-column is-layout-flow wp-block-column-is-layout-flow" style="flex-basis:20%">    <img data-src="https://www.hotel-raphael.de/wp-content/uploads/0-3-Jahre.png" alt="0-3-Jahre " class="lazyload testimonial "/>


 


<p class="grey no-textdeco">Ages 0-3 <br><strong>Free</strong></p>
</div>
</div>
</div></div>
</div></section>



<section class="wp-block-group margin-bottom bg-grey"><div class="wp-block-group__inner-container is-layout-constrained wp-block-group-is-layout-constrained">
<div class="wp-block-columns  gap-five is-layout-flex wp-container-core-columns-is-layout-9d6595d7 wp-block-columns-is-layout-flex">
<div class="wp-block-column is-layout-flow wp-block-column-is-layout-flow" style="flex-basis:50%">
<h2 class="wp-block-heading">Start Your <br><strong>Day Right</strong></h2>



<div style="height:23px" aria-hidden="true" class="wp-block-spacer"></div>


    <img data-src="https://www.hotel-raphael.de/wp-content/uploads/Fruehstuecksbuffet-696x496.jpg" alt="Frühstücksbuffet " class="lazyload testimonial "/>


 </div>



<div class="wp-block-column is-layout-flow wp-block-column-is-layout-flow" style="flex-basis:50%">    <img data-src="https://www.hotel-raphael.de/wp-content/uploads/Teeecke-696x496.jpg" alt="Teeecke " class="lazyload testimonial "/>


 


<ul class="margin-zero wp-block-list">
<li>Fresh selection of rolls and bread</li>



<li>Sweet pastries</li>



<li>Variety of sausages and cheeses</li>



<li>Butter, cream cheese, and vegan spreads</li>



<li>Smoked salmon</li>



<li>Various jams, honey, and hazelnut spread</li>



<li>Muesli and cereals</li>



<li>Selection of yogurts and homemade &#8220;Bircher muesli&#8221;</li>



<li>Freshly prepared fruit salad</li>



<li>Vegetable platter</li>



<li>Egg dishes like scrambled eggs, boiled eggs, and egg salad</li>



<li>Sausages and bacon</li>



<li>Coffee specialties, tea, cocoa, water, vegetable and fruit juices – as much as you like</li>
</ul>



<p><strong>For our Sunday Late Riser Breakfast</strong>: A glass of sparkling wine, Bavarian white sausages, pancakes, and baked beans.</p>
</div>
</div>
</div></section>



<section class="wp-block-group margin-bottom bg-grey"><div class="wp-block-group__inner-container is-layout-constrained wp-block-group-is-layout-constrained">
<div class="wp-block-columns is-layout-flex wp-container-core-columns-is-layout-9d6595d7 wp-block-columns-is-layout-flex">
<div class="wp-block-column is-layout-flow wp-block-column-is-layout-flow">
<h2 class="wp-block-heading">Book<br><strong>Your Stay</strong></h2>



<div style="height:18px" aria-hidden="true" class="wp-block-spacer"></div>



<form action="https://v4.ibe.dirs21.de/channels/st-raphael-im-allgaeude/" class="booking-form">

<div class="date-field">
	<label for="anreise">Anreise</label>
	<input type="Date" value="2026-04-28" name="arrival" id="anreise" placeholder="Anreise" required />
</div>

<div class="date-field">
	<label for="abreise">Abreise</label>	
	<input type="Date" value="2026-04-28" name="departure" id="abreise" placeholder="Abreise" required />
</div>
	
<select id="personen" name="room" placeholder="Personen">
  <option value="a">1 Person</option>
  <option value="a,a">2 Personen</option>
</select>
<input type="submit" class="booking-submit">
</form>




<div class="wp-block-columns is-layout-flex wp-container-core-columns-is-layout-9d6595d7 wp-block-columns-is-layout-flex">
<div class="wp-block-column is-layout-flow wp-block-column-is-layout-flow" style="flex-basis:60%">
<p>Book your stay now or get personal advice. If you&#8217;re looking for a conference room, click on &#8220;Request Conference&#8221; or call us.</p>



<div class="wp-block-buttons is-layout-flex wp-block-buttons-is-layout-flex">
<div class="wp-block-button"><a class="wp-block-button__link wp-element-button"><strong>Request Conference</strong></a></div>



<div class="wp-block-button"><a class="wp-block-button__link wp-element-button" href="tel:+498315404330">0831 5404 330</a></div>
</div>
</div>



<div class="wp-block-column is-layout-flow wp-block-column-is-layout-flow" style="flex-basis:33.33%"></div>
</div>
</div>
</div>
</div></section>
